 i*g + 6 = 3*g. Suppose g*z - 5*z + 3 = -2*h, 5*z = -5*h - 20. Let v(d) = -2*d**2 + 2*d + 1. What is v(z)?
-3
Suppose 29 = 5*p + 14. Let y(l) = 18*l**p - 1 - 2*l**2 - 19*l**3 - 3. Calculate y(-3).
5
Suppose -21 + 29 = 4*l. Let h(x) = -x**3 - 4*x**2 + 1. Let f(r) = -4*r**3 - 13*r**2 - r + 4. Let s = 4 - 11. Let d(k) = s*h(k) + 2*f(k). Calculate d(l).
-3
Let q(p) = -p + 1. Let f(b) = 6*b + 2. Let n(y) = -f(y) - 5*q(y). Give n(7).
-14
Let n(b) = b - 1. Let m(w) = -2*w + 1. Let x(l) = -2*m(l) - 3*n(l). Suppose -27 = -2*q + 5*q. Let d(p) = -2*p - 12. Let h be d(q). Give x(h).
7
Suppose 4*h + 67 = 11. Let o = -14 - h. Let j be o*(-4 - 36/(-8)). Let t(g) = g + 10. Give t(j).
10
Let w(u) = -u**2 + 8*u - 199 - 3*u + 206. Let m be (1/(-2))/((-7)/196). Let s = m - 9. Give w(s).
7
Let j(m) be the third derivative of m**4/12 - 13*m**3/6 - 2*m**2 + 18. What is j(9)?
5
Let a(z) = 2*z**2 - 4*z - 1. Let h be (1 - (-2 + (0 - 0))) + -1. Let t be ((-5)/(-35)*-3)/(h/(-14)). Determine a(t).
5
Let p(x) = -7*x + 5. Let l(t) = -t + 2. Let w(i) = l(i) - p(i). What is w(2)?
9
Let j(o) = -o + 12. Let z be j(5). Let g(m) = 40*m - 18*m - 8 + 1 - 20*m. Give g(z).
7
Let l(u) be the first derivative of -2*u**3/3 - 13*u**2/2 + 29*u + 252. Determine l(-8).
5
Suppose -8*p + 6*p + 32 = 0. Let t = 23 - p. Let m(j) = -t*j**2 + 5*j**2 + 3*j - 1 + 0*j**2. Give m(2).
-3
Let z(y) be the second derivative of -y**7/840 - y**6/120 + y**5/24 + y**4/4 - y**3 + 3*y. Let d(v) be the second derivative of z(v). Calculate d(-4).
2
Let z(h) = -3*h. Let p be z(-2). Let t be (p/4)/(12/(-24)). Let m be 50/(-12) + t/(-18). Let i(a) = -a**2 - 3*a - 6. What is i(m)?
-10
Let s(z) = z**2 - 3*z + 3. Suppose 5*j + 40 = 5*t, -j + 16 = 29*t - 24*t. Determine s(t).
7
Let y be 2/9 - 10/45. Suppose 0 = 4*v + i - 17, v + 5*i - 2*i - 7 = y. Let a(n) = -n**2 + 4*n - 3. Calculate a(v).
-3
Let j(u) = u. Let w(g) = g - 9. Let l(k) = -5*j(k) + w(k). What is l(-4)?
7
Let o(j) be the second derivative of j**5/20 - 5*j**4/12 + j**3/2 - 13*j. Let q(m) = -m**3 + 5*m**2 - 3*m. Let t(c) = 3*o(c) + 4*q(c). What is t(2)?
6
Let k(i) = i - 6. Suppose j + 426 = 7*j. Suppose 26 = -5*p + j. Calculate k(p).
3
Let f be 54/30*(7 - 2). Let m(o) = 0 + 14 - 13 - f*o. What is m(-2)?
19
Suppose 25198 = 10*s + 25258. Let h(r) be the third derivative of r**6/120 + r**5/10 - r**4/24 + 5*r**3/6 - r**2. Give h(s).
11
Let f be (-3)/(-9)*-3 + 13. Let d(w) = -3*w - 3 - 5 + f. Determine d(7).
-17
Let b = -1 - 6. Let p be b - (-1 - (1 + -1)). Let k(r) = -r - 6. What is k(p)?
0
Let a(d) = d**2 - 5*d + 5. Suppose -2*h + 6 + 0 = z, 4*h - z = 24. Calculate a(h).
5
Let d(x) = 2*x**2 + 3*x + 6. Let c(h) = h**2 + h + 2. Let k(s) = 12*c(s) - 4*d(s). Calculate k(-1).
4
Let l(j) = 10*j - 3*j**2 + 0*j + 9 + 0*j + 4*j**2. Calculate l(-9).
0
Let i(b) be the second derivative of -b**4/12 - 7*b**3/6 - 2*b**2 + 61*b + 1. Calculate i(-6).
2
Let d(s) be the third derivative of -s**9/6048 - s**8/20160 - s**7/5040 - 19*s**5/60 + 21*s**2. Let p(n) be the third derivative of d(n). Give p(-1).
10
Let o(i) = -6*i**2 - i. Suppose -t + 4 = 3*f, -3*t = -5*f - 0*f + 2. Suppose 0 = -19*x - 5*x - 72. Let v be x + (t - (-4 - -1)). Give o(v).
-7
Let k(u) = -u**2 - u. Let r(y) = -y**2 + 7*y - 6. Let h = 61 + -59. Let b be r(h). Determine k(b).
-20
Let o = -1 + 41. Let x be (-5)/o - (-82)/16. Let n(s) = -5*s**2 + 9*s - 7. Let h(w) = 9*w**2 - 17*w + 14. Let f(c) = 4*h(c) + 7*n(c). Calculate f(x).
7
Let x(m) = m**2 + m + 1. Let v(d) = -d - 1. Let l(r) = 2*r - 15. Let c be l(7). Let h(q) = c*x(q) - v(q). Calculate h(-2).
-4
Let t(j) = -j + 5. Let k(z) = 41*z - 329. Let h be k(7). Suppose 0*w - 4*w + 84 = 0. Let y be 12/w + (-144)/h. Give t(y).
1
Let u(d) = -6*d**2 - 48*d + 22. Let b(l) = 2*l**2 + 16*l - 6. Let w(c) = 16*b(c) + 5*u(c). What is w(-6)?
-10
Let x(z) = -z**3 + z**2 - z. Let u(h) = -h**2 + 26*h - 49. Let t be u(24). Let q be ((-3)/(-1) + -4)/t. Calculate x(q).
-1
Suppose -19*g + 70 = -5*g. Let f(t) = t + 7. What is f(g)?
12
Let g(y) = 17*y**3 - 20*y**2 - 11*y + 3. Let f(h) = 6*h**3 - 7*h**2 - 4*h + 1. Let c(r) = -11*f(r) + 4*g(r). Determine c(2).
5
Let p(z) = 14*z**2 + 25*z - 3. Let v(j) = -4*j + 1. Let h(t) = p(t) + 6*v(t). What is h(2)?
61
Suppose 42 = -225*q + 218*q. Let h(i) = -i**2 - 8*i - 5. What is h(q)?
7
Let i(k) be the third derivative of -k**4/8 - 19*k**3/6 - 84*k**2. What is i(-5)?
-4
Let u(c) = c**2 - 11*c. Let o(s) = -42*s - 283. Let t be o(-7). What is u(t)?
0
Let x(m) be the first derivative of 2*m**3/3 + 9*m**2/2 - 11. Let v be x(-4). Let g(f) = f**2 + 3*f - 1. Give g(v).
3
Let w(f) = -7*f**2 + 12*f - 19. Let z(c) = -c**2 + c - 3. Let l(h) = w(h) - 6*z(h). Suppose 0 = -q + 3*q - 14. What is l(q)?
-8
Let r(n) = -n + 8 - 4*n + 3*n. What is r(6)?
-4
Suppose -t + 6*t - 2*w + 12 = 0, 2*t + 2*w + 16 = 0. Let d(n) = -n. Let o(y) = y + 1. Let i(f) = d(f) + 5*o(f). Calculate i(t).
-11
Let m(b) = b**2 + 3*b - 13. Let w(i) = -27*i + 165. Let u be w(6). Give m(u).
5
Suppose 0*v - 9 = -3*v. Let l(p) = 6*p**2 + p + 2. Let s(r) = 4*r**2 + r + 2. Let o(m) = 5*l(m) - 7*s(m). Determine o(v).
8
Let n(a) = -a**3 + 6*a**2 + 15*a + 3. Let b be n(8). Let r(f) = -f**2 - 5*f - 2. Calculate r(b).
-2
Let k(i) = -i + 2. Suppose -15 = -l - 2*l. Suppose -7*p + 4 = -l*p. Calculate k(p).
0
Suppose u + 0*i = -3*i - 6, 5*u - 3*i = -12. Let z(a) = 2*a - 9. Determine z(u).
-15
Let z = -87 + 89. Let p(k) = -z*k + 2*k - 13 + k + 5. Give p(-6).
-14
Let s(z) = z**3 + 5*z**2 - 7*z - 2. Let n = 254 - 260. Determine s(n).
4
Let o(t) = t**2 - 20*t + 86. Let d be o(6). Let w(g) = 3*g**2 - 4*g + 3. What is w(d)?
7
Let n(g) be the first derivative of -1/6*g**4 - 3/2*g**2 - 1/20*g**5 - 2*g + 3 - 2/3*g**3. Let h(d) be the first derivative of n(d). Determine h(-2).
5
Let x(s) = s**2 - s + 8. Suppose 0 = -59*h + 31*h. What is x(h)?
8
Let f = 45 + -30. Let s = 16 - f. Suppose -3*t = -s + 13. Let c(v) = -v**3 - 4*v**2 - v + 2. Calculate c(t).
6
Let k(h) = -17 + 12 - 56*h + 50*h. What is k(-2)?
7
Let l(v) = 2 - 4*v + 2*v - 1 - 3 + v**2. Give l(-3).
13
Let x = -32 - -35. Let c(d) = -x - 9 + 9 + 3*d. What is c(-4)?
-15
Let r(t) = 2*t. Let u(h) = 2*h - 8. Let d be u(-4). Let m = 12 + d. Calculate r(m).
-8
Let p(f) = f - 3. Suppose 53*c = 48*c + 15. Give p(c).
0
Suppose -32*u - 74 - 54 = 0. Let r(z) = -9*z - 4. Give r(u).
32
Let x(b) be the second derivative of 0 - 1/3*b**3 + 28*b - 1/2*b**2. What is x(1)?
-3
Suppose 30 = -5*b - 4*v, -6 = b + v - 2*v. Let d(r) = -5*r - 2. What is d(b)?
28
Let a(g) = -8*g + 52563*g**2 - 52562*g**2 - 1 - 4. What is a(9)?
4
Suppose -2*k = k + 6. Let u be k + -1 + 8 + -2. Let f(m) = -m + 4 + 5*m - u*m. Give f(0).
4
Let w be (-4)/(-20) + (-192)/(-15). Let j(i) = -i**3 + 2*i**2 - i + 2. Let u be j(0). Let y(b) = w - u + 5*b - 5 + b**2. Calculate y(-4).
2
Suppose 4*x = 2*x - 4. Let i(r) = 0*r + 0*r - 20 + 25 - 6*r**2 + 6*r. Let b(h) = -5*h**2 + 5*h + 4. Let w(y) = -5*b(y) + 4*i(y). Give w(x).
6
Let u(i) = -7*i**3 + i**2 - 11*i + 3. Let f(c) = -6*c**3 - 10*c + 2. Let r(x) = -6*f(x) + 5*u(x). Let g = 3 - 7. Let s = g + 0. Give r(s).
-1
Let h(y) = y**2 - 4. Let v(c) = -4*c**2 - 20*c - 13. Let w be v(-4). What is h(w)?
5
Let h(t) = 15*t**2 + 6. Let q(v) = 27*v**2 - v + 11. Let c(f) = 5*h(f) - 3*q(f). Give c(2).
-21
Suppose -2*w + 4*n + 30 + 54 = 0, -5*n + 93 = 3*w. Suppose 0 = l + 4*k - 7*k + 2, -5*k = 3*l - w. Let j(g) = 7*g - 7 + 13 - 8 - g**2 + 8. Calculate j(l).
6
Let n(o) be the third derivative of 4*o**2 + 0 - 1/24*o**4 + 1/6*o**3 + 0*o. Let p be n(5). Let m(z) = z + 3. Calculate m(p).
-1
Let j(y) be the third derivative of 5/3*y**3 - 17*y**2 + 0 + 1/24*y**4 + 0*y. Determine j(-8).
2
Suppose -11*d + 1487 - 574 = 0. Let s(j) = 0*j**2 + 2*j**2 + 82*j**3 + 4*j - d*j**3. Determine s(3).
3
Let c be (-6)/14 - 720/(-112). Let d(x) = 2*x**2 - 10*x - 6. Let z be d(c). Let l(a) = a - 8. Let s(n) = -n + 7. Let u(w) = 5*l(w) + 6*s(w). Determine u(z).
-4
Let v = -88 + 94. Let q(r) = 1 - v + 7*r - 3*r. What is q(5)?
15
Suppose 6*h - 134 = -98. Let m(v) = -v**3 + 6*v**2 + v + 8. What is m(h)?
14
Let v(m) = 10*m - 8. Let u(c) = -22*c**2 + 86*c + 10. Let d be u(4). Give v(d).
12
Suppose u - 3*f + 19 = 0, 5*u + f = -3*f. Let s(g) = g**3 + 3*g**2 - 5*g - 6. Let q(t) = -t**3 - 3*t**2 + 5*t + 6. Let y(